20, -8 = q - 2*y. Suppose q = 21*w - 23*w + 12. What is the units digit of w?
6
Suppose 3*g - 17 - 10 = 0. Let q be 30/g*6/4. Suppose f + 7 = q*s - 8, 0 = f. What is the units digit of s?
3
Let n be (-40)/140 - (-46)/14. Suppose -2*o + 6 = 4*f, n*o + 5 - 2 = -3*f. Suppose t - f = -5*j, -3*t - 2*j + 55 - 17 = 0. What is the units digit of t?
4
What is the units digit of 6/(-1) - (1 - 382)?
5
Suppose 9*o - 17885 - 1168 = 0. What is the hundreds digit of o?
1
Let k be 2/(13/11 + -1). Let w = 13 + k. Suppose 0 = -z + 2*i + 32, 0*i - 4*i + w = 2*z. What is the units digit of z?
2
What is the thousands digit of 15/(-3) + (-8491)/(-7)?
1
Suppose 0 = -p - 8*m + 6*m + 1616, 0 = -2*p - m + 3232. What is the units digit of p?
6
Suppose 4*l = -0*l + 556. Suppose 6*p - 55 + l = 0. Let r = -9 - p. What is the units digit of r?
5
Let z(o) = -4*o**2 + 2*o + 4*o**3 + o - 1 - 1. Let d = 15 - 13. What is the tens digit of z(d)?
2
Suppose -189*s + 175*s = -52458. What is the units digit of s?
7
Suppose -13*d = 7*d + 1440. Let f = d + 350. What is the hundreds digit of f?
2
Let i = -31 - -23. Let y(m) = -10*m + 24. What is the units digit of y(i)?
4
Suppose -d - d + 558 = s, -3*s + 2*d + 1682 = 0. What is the units digit of s?
0
Let y(o) = -101*o + 54. What is the tens digit of y(-2)?
5
Let x = 12 - 10. Suppose -3*g + x*n + 218 = 0, -g + 3*n = 3*g - 292. What is the tens digit of g?
7
Let a(g) = g**3 + 9*g**2 + 9*g - 10. Suppose -4*v + 2*k - 24 - 2 = 0, -4*v - 32 = 4*k. What is the tens digit of a(v)?
2
Suppose 20*q - 2440 = 15*q. What is the tens digit of q?
8
Let q(l) be the second derivative of -l**5/20 + 2*l**4/3 - 2*l**3/3 + 3*l**2 - 2*l. What is the tens digit of q(5)?
6
Suppose h - 2*l = -12 - 4, 0 = h + 4*l + 22. Let w be (h/12)/(1/(-70)). Let v = w + -57. What is the units digit of v?
8
Suppose -i + 18 = 3*i - m, -5*i = -5*m - 15. Let j(v) = 2*v**2 + 4*v - 11. What is the tens digit of j(i)?
5
Let b(m) = 2*m + 4. Suppose -3*f + 14 = -d, 0 = 5*f + 3*d - 4*d - 20. Let v be b(f). What is the tens digit of 8/(-6)*(-135)/v?
1
Let w = -513 - -683. What is the tens digit of w?
7
Let j(s) = s**3 + 11*s**2 - 15*s + 13. Let t be j(-12). Suppose 2*m + p - t = 15, 3*m - 96 = 5*p. What is the units digit of m?
2
Let g(d) = -29 + 3*d - 2*d - 4*d + 37. Let h be g(-8). Let b = -9 + h. What is the units digit of b?
3
Let m be -5 - (-5)/((-40)/32). Suppose -3 = 3*j - 33. Let u = j + m. What is the units digit of u?
1
Let o = -1697 + 2677. What is the hundreds digit of o?
9
What is the tens digit of (-2)/(-1) - (7 - 105)?
0
Let g(p) = -4*p**2 + 4*p**2 - 3*p**2 + 4 + 2*p**2 - 3*p. Let d be g(-4). Suppose 4*u + u - 160 = d. What is the tens digit of u?
3
Suppose -33*i - 8008 = -46*i. What is the tens digit of i?
1
Suppose -4*w + 5*w = 3*q - 472, -2*q + 298 = -4*w. Suppose 3*g = p + 503, 0 = -g + p - 5*p + q. What is the tens digit of g?
6
What is the hundreds digit of (22 + -21 - 107/(-6))*6?
1
Let a(q) = 16*q**2 + 3*q - 2. Let w(v) = -2*v + 1. Let y(d) = a(d) + w(d). What is the tens digit of y(-3)?
4
Suppose -z = z + g + 153, 0 = -3*z - 2*g - 228. Let l = 6 - z. What is the tens digit of l?
8
Let t = 3966 + -1571. What is the tens digit of t?
9
What is the hundreds digit of (2*24/4)/((-24)/(-5024))?
5
Let n(f) = -12*f + 3*f - 39*f + 8 + 8*f. What is the units digit of n(-2)?
8
Let b(w) = 4*w**3 - 138*w**2 - 43*w + 18. What is the units digit of b(35)?
3
Suppose -5*x = -3*s + 373, -5*s + x = -7*s + 227. Suppose 4*q = s + 8. What is the tens digit of q?
3
What is the tens digit of ((-8840)/(-476))/(1/14)?
6
Let q(p) be the first derivative of -2*p**2 + 3*p - 2. Let m be q(2). Let i(g) = -g**3 - 5*g**2 - 5*g + 6. What is the units digit of i(m)?
1
Let f = 181 - 306. Let y = -78 - f. What is the units digit of y?
7
What is the tens digit of ((-48)/14)/(4/(-98))?
8
Let y(g) = -g**3 - g + 1. Let h be y(1). Let u be 3 + h/1 + 13. Let k = 5 + u. What is the tens digit of k?
2
Suppose 4*f + 24 - 64 = 0. Suppose -f*i + 613 = -1407. What is the tens digit of i?
0
Suppose 4*l - 5*l + 3 = 0. Suppose -l*w = -w. Suppose w = 4*o + 10 - 94. What is the units digit of o?
1
Suppose 9126 = 31*b - 22*b. What is the hundreds digit of b?
0
Let p(w) = -w**3 - 8*w**2 - 10*w + 43. What is the units digit of p(-8)?
3
Suppose -4*u - 2*m + 22470 = 0, 4*m = -u + 7*m + 5635. What is the units digit of u?
0
Let k be (-5 + 2)*(-203)/21. Let r be (-4 + 2)/(-1) - k. Let z = -16 - r. What is the units digit of z?
1
Let a = 1474 + -155. What is the thousands digit of a?
1
What is the tens digit of (27 - 7)/5 + 594?
9
Let v(p) = -p**2 + 5*p - 8. Let b(r) = r + 2. Let k be b(2). Let y be v(k). Let n(g) = 3*g**2 + 3*g - 4. What is the tens digit of n(y)?
3
Suppose -45668 - 39386 = -43*l. What is the tens digit of l?
7
Let h = -4260 + 6134. What is the thousands digit of h?
1
Let c = -16 + 10. Let o be (13/(-78))/(1/c). What is the tens digit of -3 - (o - (0 + 15))?
1
Suppose -6*b + 5*b + 3*y + 186 = 0, -2*y - 544 = -3*b. What is the tens digit of b?
8
Let a(s) = s**2 + s - 3. Let l(h) = -h**2 - 8*h - 2. Let q be l(-7). Suppose -q*k - 28 = -2*i, 0*k = 2*k + i + 4. What is the units digit of a(k)?
9
Suppose -3 = 5*l + 27. What is the tens digit of (-9)/l - 774/(-12)?
6
Suppose 0 - 4 = -2*o. Suppose 4*x = -w - o*w - 37, -4*x = 2*w + 42. Let c = x + 32. What is the tens digit of c?
1
Suppose -174*i + 175*i = 378. What is the units digit of i?
8
Let k(t) = -3*t - 4*t - 2*t + 4*t - 2 + 4*t. Suppose 0 = 3*z + 5 + 4. What is the units digit of k(z)?
1
Let j = 9 + -9. Suppose 0 = -j*u - u + 34. Suppose 0*m + 5*b = 3*m - u, -5*b + 38 = m. What is the tens digit of m?
1
Suppose 3*b - 3746 = 1222. What is the units digit of b?
6
Suppose 0 = -3*d + 3*g + 153, 2*d - 3*g - 10 = 97. What is the units digit of d?
6
Let w(q) = q**3 + 14*q**2 - q - 11. Let z be w(-14). Suppose -l + 63 = z*f + 2*l, -3*f + 39 = -3*l. Suppose 2*p - 29 - f = 0. What is the units digit of p?
3
Let r(v) be the third derivative of v**4/8 + 31*v**3/6 + 5*v**2. What is the units digit of r(-9)?
4
Let t = -1 - -1. Suppose t = -5*u + 3*u - 4. What is the units digit of u*(20/8 + -3)?
1
Let o be -3 + 0/4 + 24. What is the tens digit of 163 + (3/(-9) - 77/o)?
5
Let h = 6 - 9. What is the units digit of (1/(-4 - h))/((-2)/26)?
3
Let s(w) = 562*w**2 - 3*w + 1. What is the tens digit of s(1)?
6
Let h(u) = 76*u + 361. What is the hundreds digit of h(25)?
2
Let v = -12 - -8. Let o be 404/8 - 6/v. Suppose -39 = -y - 2*y + p, -2*p = -4*y + o. What is the tens digit of y?
1
What is the tens digit of 9*(731/51)/(1/6)?
7
Suppose 3*b + 3892 = 2*m, -2516 = 4*m + 5*b - 10344. What is the thousands digit of m?
1
What is the hundreds digit of 5*337 + 60 + -52?
6
Suppose -3*h + v - 2 = -h, 2*v = -3*h + 4. Suppose -15*o + 14*o + 126 = h. What is the tens digit of o?
2
Let n = 71 - 186. What is the tens digit of (-2)/4 + n/(-2)?
5
Let v(f) = -9*f + 166. What is the tens digit of v(-11)?
6
Let i(m) = 20*m - 32. What is the units digit of i(14)?
8
What is the tens digit of 3/6 + 1404/8?
7
Let h(s) = 4*s - 23. Let q be h(12). Let z = -13 + q. Suppose 0 = 4*y - 5*w - 207, z = -3*w + 3. What is the tens digit of y?
4
Let t = 832 - 481. What is the tens digit of t?
5
Let u(t) = -32*t - 16. Let l be u(-9). Suppose 5*f + l = 797. What is the units digit of f?
5
Let j = -11 + 13. Suppose 12 = 2*i - s, 0 = j*i + 4*s - s + 4. Suppose 0*u = -i*u + 56. What is the units digit of u?
4
Let w(a) be the first derivative of -3*a**2/2 - 4*a + 9. Let o be w(-4). Suppose -4*n + o*n = 176. What is the units digit of n?
4
Let b = -6 + 9. Suppose 2*u - 19 = -4*f + b, 4*u + 5*f = 32. Suppose 2*n - 41 = -u*q, -2*q + 5*q = -4*n + 67. What is the units digit of n?
3
Suppose -5*o = -9 + 44. Let q(i) = i**2 + 7*i + 14. Let w be q(o). Suppose 3*g = w - 2. What is the units digit of g?
4
Suppose 5*w - 25 = -q, -8 - 18 = -2*q + 2*w. Suppose 0 = q*v - 10*v - 70. What is the tens digit of v?
1
Suppose l + 20 = -4*l, 3*b - 188 = -4*l. Let h = b + -20. What is the units digit of h?
8
Let b = -41 - -537. What is the units digit of b?
6
Suppose -2*w - d = -7294, -5*w + 5*d + 7282 = -3*w. What is the thousands digit of w?
3
Suppose -1121*b + 1136*b = 8175. What is the tens digit of b?
4
Suppose 0 = -3*d - 0*d - 3